
-3134
In base 11, what is 312 + 9?
320
In base 10, what is -9 - -93?
84
In base 8, what is -15 + -54?
-71
In base 14, what is 5 - -c1?
c6
In base 13, what is -4 - -683?
67c
In base 11, what is 1 - -2449?
244a
In base 6, what is 2 + 452?
454
In base 8, what is -4 + -257?
-263
In base 16, what is -1 - 214?
-215
In base 7, what is 1 + 2346?
2350
In base 6, what is -3330 + 0?
-3330
In base 11, what is -2 + 260?
259
In base 5, what is -11421 + 0?
-11421
In base 16, what is a - e?
-4
In base 3, what is 2 - 1?
1
In base 7, what is -24 - -3102?
3045
In base 3, what is 2221 + -12?
2202
In base 10, what is -1 - 161?
-162
In base 16, what is -11 + -11?
-22
In base 2, what is -1111001 - 11?
-1111100
In base 8, what is -14 + 73?
57
In base 12, what is -2 - 25?
-27
In base 14, what is 5 + 254?
259
In base 14, what is 7 - -1c9?
1d2
In base 14, what is 1 - -2c?
2d
In base 5, what is -3412 + 1?
-3411
In base 5, what is 10 - -21322?
21332
In base 16, what is 194 + 4?
198
In base 11, what is 24 + 360?
384
In base 7, what is 21 + 40?
61
In base 10, what is 1 + -2137?
-2136
In base 10, what is 4 + -335?
-331
In base 2, what is 1011001 - 1?
1011000
In base 7, what is -130 - 11?
-141
In base 12, what is -737 + -5?
-740
In base 16, what is 0 + 81?
81
In base 9, what is 5 + 32?
37
In base 2, what is -1 - -1011110011?
1011110010
In base 16, what is e + -1c?
-e
In base 13, what is 47b3 + -1?
47b2
In base 6, what is 12351 + 0?
12351
In base 12, what is -2 - b?
-11
In base 10, what is 6863 - 3?
6860
In base 11, what is 0 - -33a2?
33a2
In base 13, what is 4 + 2c?
33
In base 6, what is 1233 + -5?
1224
In base 7, what is -623 - -1?
-622
In base 14, what is -26 - 4?
-2a
In base 2, what is -1000111100011111 - 1?
-1000111100100000
In base 2, what is 11000 - -10011?
101011
In base 13, what is 61 - 1?
60
In base 5, what is 4 - -41?
100
In base 13, what is 2 + 40?
42
In base 11, what is 1 - 616?
-615
In base 16, what is 22 - 2?
20
In base 5, what is -10 + 112?
102
In base 11, what is 793 - 4?
78a
In base 3, what is 100 + 1011?
1111
In base 3, what is -201 + -20022?
-21000
In base 8, what is 6 + 3?
11
In base 8, what is 56 - -6?
64
In base 9, what is 4 + 62?
66
In base 16, what is c + 3?
f
In base 15, what is 4135 - 3?
4132
In base 9, what is 4 - 142?
-137
In base 7, what is 61 + -4?
54
In base 8, what is 53677 + -3?
53674
In base 14, what is -5 - 25a?
-261
In base 4, what is 10031 - -211?
10302
In base 13, what is -159a + 1?
-1599
In base 8, what is 4 - 2116?
-2112
In base 11, what is 107 - 3?
104
In base 7, what is -16503 - -5?
-16465
In base 12, what is 10a - 6?
104
In base 2, what is -11100100100111 + -10?
-11100100101001
In base 11, what is 548 - 6?
542
In base 10, what is 30 + -16?
14
In base 8, what is 33 + 0?
33
In base 11, what is -46 + -9?
-54
In base 10, what is 13 + -30?
-17
In base 7, what is 60 - 1?
56
In base 10, what is 647 + 2?
649
In base 3, what is -1002101 - -1?
-1002100
In base 7, what is 5 - 31?
-23
In base 4, what is -201200 - 0?
-201200
In base 9, what is -37 - -7?
-30
In base 15, what is d6 + 2?
d8
In base 15, what is 2 - 7b?
-79
In base 4, what is -12 - 2123?
-2201
In base 15, what is 9 - 83?
-79
In base 2, what is 0 + 10111000101?
10111000101
In base 9, what is 64 + 4?
68
In base 10, what is 3 - 4091?
-4088
In base 12, what is 142 - -7?
149
In base 16, what is -7a - 5?
-7f
In base 13, what is -27 + 2?
-25
In base 8, what is 103 + -43?
40
In base 12, what is 1 - 1b?
-1a
In base 8, what is -12 - -2354?
2342
In base 2, what is 0 - 10010100?
-10010100
In base 11, what is 293 - -5?
298
In base 11, what is 4 + 23a?
243
In base 7, what is -3 - -31?
25
In base 14, what is 4 + 15a?
160
In base 15, what is 9 - -5b?
65
In base 8, what is 4 + 514?
520
In base 12, what is -3 - -11a?
117
In base 5, what is 1010 - 0?
1010
In base 11, what is -369 - 9?
-377
In base 9, what is -437 - -2?
-435
In base 2, what is 1110010001 - 1?
1110010000
In base 7, what is 234 - 32?
202
In base 3, what is -2 + -100121?
-100200
In base 14, what is -8a - 1?
-8b
In base 16, what is c2 - -1b?
dd
In base 15, what is 6ee + 6?
705
In base 9, what is 1 - -170?
171
In base 9, what is 202 + -5?
186
In base 5, what is 4242 - -12?
4304
In base 12, what is 4 + -113?
-10b
In base 10, what is -888 - -1?
-887
In base 8, what is -466 - 3?
-471
In base 16, what is 4 + -10e?
-10a
In base 6, what is -2555 - 5?
-3004
In base 3, what is 1001 - -11?
1012
In base 3, what is -110121 + 110?
-110011
In base 7, what is 1 + 12034?
12035
In base 2, what is 1 + -1010101010?
-1010101001
In base 6, what is 4 + -14?
-10
In base 11, what is -85 - -6?
-7a
In base 15, what is 1e1 - -3?
1e4
In base 13, what is -1c12 - -5?
-1c0a
In base 3, what is 11 - -2111?
2122
In base 13, what is 8b + 2?
90
In base 7, what is 5 - 645?
-640
In base 13, what is -3 - -1bb?
1b8
In base 11, what is 107 + 62?
169
In base 9, what is 4 - -78?
83
In base 12, what is -b + 1?
-a
In base 9, what is 800 + -32?
757
In base 3, what is -112011 - 21?
-112102
In base 8, what is 41 - 5?
34
In base 4, what is 1 + -33003?
-33002
In base 14, what is -38 - 1a?
-54
In base 7, what is 330 + -12?
315
In base 2, what is -11100 - -1100001?
1000101
In base 6, what is 5024 - 3?
5021
In base 13, what is 26 + 19?
42
In base 6, what is -5 + -115?
-124
In base 3, what is 11 - 1211?
-1200
In base 8, what is 141 + 0?
141
In base 7, what is -3 + 54?
51
In base 8, what is -76 - 1?
-77
In base 11, what is -79 - 0?
-79
In base 12, what is -5 - -2318?
2313
In base 9, what is -5 - -58?
53
In base 9, what is 251 + -3?
247
In base 2, what is -10000110 + -11001?
-10011111
In base 6, what is 4455 + -4?
4451
In base 6, what is 21554 + -1?
21553
In base 8, what is -500 - -1?
-477
In base 2, what is 100111010 + -1010?
100110000
In base 16, what is -d + 9?
-4
In base 14, what is -66 - -4?
-62
In base 5, what is 323 + 10?
333
In base 12, what is 1 - -9?
a
In base 4, what is -3 + 102?
33
In base 12, what is -3 - -2a?
27
In base 4, what is -23 - -20?
-3
In base 2, what is -10 - 1101011?
-1101101
In base 15, what is -6 - -1c?
16
In base 10, what is -846 - 1?
-847
In base 13, what is -7a9 + -1?
-7aa
In base 13, what is 1baa - -4?
1bb1
In base 5, what is 2300 + -4?
2241
In base 7, what is 1 - 5?
-4
In base 4, what is 10 - -2?
12
In base 15, what is 2e + -5b?
-2c
In base 11, what is -39 + -185?
-213
In base 12, what is -3 + -332?
-335
In base 14, what is -79 + -1?
-7a
In base 2, what is 10 + -11000110111?
-11000110101
In base 3, what is 112202201 + 2?
112202210
In base 12, what is -1 - 2824?
-2825
In base 14, what is -2 - -340?
33c
In base 3, what is -12 - -11?
-1
In base 5, what is -131 - -223?
42
In base 6, what is 2334 - 12?
2322
In base 10, what is -17 + 92?
75
In base 2, what is 10011010 - -10100?
10101110
In base 16, what is -6 + 10?
a
In base 2, what is -10111010 + -10?
-10111100
In base 15, what is -272 - -5?
-26c
In base 15, what is 5 + 527?
52c
In base 9, what is 6 + 163?
170
In base 4, what is 1322 + -1?
1321
In base 7, what is -1063 - -5?
-1055
In base 15, what is 1 + -1dd?
-1dc
In base 2, what is -1 + 101110?
101101
In base 9, what is 6153 - -2?
6155
In base 10, what is 258 - -4?
262
In base 7, what is -360 + 151?
-206
In base 14, what is -3 + 382?
37d
In base 12, what is -696 + -5?
-69b
In base 9, what is -17 + -70?
-87
In base 14, what is 4 - -38?
3c
In base 11, what is -1 + 11?
10
In base 15, what is 35 - 2?
33
In base 6, what is 534 - 15?
515
In base 10, what is -11517 + -5?
-11522
In base 10, what is 239 + 27?
266
In base 10, what is -15 + -88?
-103
In base 5, what is -1 + 100332?
100331
In base 13, what is 1 - 1?
0
In base 7, what is 55 + 11?
66
In base 11, what is -a + 13?
4
In base 3, what is 100 - -120?
220
In base 13, what is -a7 - -4c?
-58
In base 8, what is -536 - 31?
-567
In base 13, what is 1aa + 5?
1b2
In base 16, what is -3c + -3?
-3f
In base 7, what is 6 + -301?
-262
In base 13, what is 6 - -287?
290
In base 16, what is 4 + -150?
-14c
In base 4, what is -220 + -30?
-310
In base 15, what is -4 + -1ce?
-1d3
In base 7, what is 22 - -60?
112
In base 15, what is 8 - -488?
491
In base 11, what is 4 + -490?
-487
In base 12, what is 422 - 4?
41a
In base 14, what is -5 + 2c?
27
In base 2, what is -1101 - -100011?
10110
In base 5, what is -42332 + -2?
-42334
In base 16,